{"id":13,"date":"2022-10-17T11:55:56","date_gmt":"2022-10-17T11:55:56","guid":{"rendered":"https:\/\/icaseonline.net\/umit\/?page_id=13"},"modified":"2022-10-24T11:46:30","modified_gmt":"2022-10-24T11:46:30","slug":"1-hafta","status":"publish","type":"page","link":"https:\/\/icaseonline.net\/umit\/1-hafta\/","title":{"rendered":"1. HAFTA"},"content":{"rendered":"<h1 class=\"entry-title\">1.Hafta:Bilgi ve \u0130leti\u015fim Teknolojileri Destekli \u0130lk\u00f6\u011fretimde Fen E\u011fitimi<\/h1>\n<div class=\"entry-content\">\n<h2>Dersin Amac\u0131:<\/h2>\n<p>Bu y\u00fcksek lisans dersi fen ve teknoloji e\u011fitiminde modern \u00f6\u011fretim ve \u00f6\u011frenme teori ve modellerini kullanarak bilgi ve ileti\u015fim teknolojileri ile desteklendirilmi\u015f \u00f6\u011fretim materyalleri geli\u015ftirmeyi ve uygulamay\u0131 hedeflemektedir.<\/p>\n<figure class=\"wp-container-2 wp-block-gallery-1 wp-block-gallery columns-1 is-cropped\">\n<ul class=\"blocks-gallery-grid\">\n<li class=\"blocks-gallery-item\">\n<figure><img loading=\"lazy\" decoding=\"async\" class=\"wp-image-131\" src=\"https:\/\/icaseonline.net\/esra\/wp-content\/uploads\/2021\/10\/Ekran-Alintisi-2.png\" sizes=\"auto, (max-width: 838px) 100vw, 838px\" srcset=\"https:\/\/icaseonline.net\/esra\/wp-content\/uploads\/2021\/10\/Ekran-Alintisi-2.png 838w, https:\/\/icaseonline.net\/esra\/wp-content\/uploads\/2021\/10\/Ekran-Alintisi-2-300x148.png 300w, https:\/\/icaseonline.net\/esra\/wp-content\/uploads\/2021\/10\/Ekran-Alintisi-2-768x379.png 768w\" alt=\"\" width=\"838\" height=\"413\" data-id=\"131\" data-full-url=\"https:\/\/icaseonline.net\/esra\/wp-content\/uploads\/2021\/10\/Ekran-Alintisi-2.png\" data-link=\"https:\/\/icaseonline.net\/esra\/?attachment_id=131\" \/><\/figure>\n<\/li>\n<\/ul>\n<\/figure>\n<h2>Dersin \u00d6\u011frenme Kazan\u0131mlar\u0131:<\/h2>\n<p>1. Bilgi ve ileti\u015fim teknolojileri tabanl\u0131 uygulamalar\u0131 kullanarak \u00f6\u011fretim materyalleri geli\u015ftirme<\/p>\n<p>2. B\u0130T tabanl\u0131 \u00f6\u011fretim materyallerini ilk\u00f6\u011fretim fen e\u011fitimine uygulayabilme<\/p>\n<p>3. \u00d6\u011fretim materyallerini \u00f6\u011frencilerin ba\u015far\u0131lar\u0131 ve tutumlar\u0131 a\u00e7\u0131s\u0131ndan de\u011ferlendirme<\/p>\n<div class=\"wp-block-file\"><a href=\"https:\/\/icaseonline.net\/esra\/wp-content\/uploads\/2021\/10\/Presentation1-2.pptx\">Ders Sunusu: Presentation1-2<\/a><a class=\"wp-block-file__button\" href=\"https:\/\/icaseonline.net\/esra\/wp-content\/uploads\/2021\/10\/Presentation1-2.pptx\" download=\"\">Download<\/a><\/div>\n<h2>B\u0130T NED\u0130R?<\/h2>\n<p>Bilgi ve ileti\u015fim teknolojileri; \u0130ng. information and communication technologies (k\u0131saca ICT), bilgi teknolojileri ve ileti\u015fim teknolojileri terimlerini tek bir \u00e7at\u0131 alt\u0131nda toplayan ve bu teknolojiler aras\u0131ndaki ili\u015fkiyi vurgulayan bir terimdir. 1980\u2019lerde ba\u015flayan dijital yak\u0131nsama s\u00fcrecinde(<em>Bili\u015fim ve bilgi teknolojileri, ileti\u015fim a\u011flar\u0131 ve medya i\u00e7eri\u011finin zincirleme ba\u011flant\u0131s\u0131. Cihazlar\u0131n dijital medyan\u0131n da dahil oldu\u011fu bir dizi aktivite i\u00e7in \u00e7ok ama\u00e7l\u0131 kanallar haline gelirken ya\u015fad\u0131klar\u0131 ge\u00e7i\u015f.<\/em>), metin, ses ve g\u00f6r\u00fcnt\u00fc bilgisayarlar taraf\u0131ndan dijital ortamda i\u015flenmeye ba\u015flam\u0131\u015ft\u0131r. Buna paralel olarak telekom\u00fcnikasyon sistemlerinin de dijitalle\u015fmesi ile birlikte dijital verilerin ve enformasyonun iletimi olanakl\u0131 hale gelmi\u015f; bilgi teknolojileri ile ileti\u015fim teknolojileri i\u00e7 i\u00e7e ge\u00e7mi\u015ftir. Bilgi ve ileti\u015fim teknolojileri terimi, bu yak\u0131nl\u0131k ve ba\u011f\u0131ml\u0131l\u0131\u011f\u0131 belirtmek amac\u0131yla kullan\u0131lmaktad\u0131r.<\/p>\n<h2 class=\"wp-block-post-title\">1.Hafta:Bilgi ve \u0130leti\u015fim Teknolojileri Destekli \u0130lk\u00f6\u011fretimde Fen E\u011fitimi<\/h2>\n<figure class=\"wp-block-image size-full is-resized\"><img loading=\"lazy\" decoding=\"async\" class=\"wp-image-139\" src=\"https:\/\/icaseonline.net\/esra\/wp-content\/uploads\/2021\/10\/Ekran-Alintisi-4.png\" sizes=\"auto, (max-width: 432px) 100vw, 432px\" srcset=\"https:\/\/icaseonline.net\/esra\/wp-content\/uploads\/2021\/10\/Ekran-Alintisi-4.png 309w, https:\/\/icaseonline.net\/esra\/wp-content\/uploads\/2021\/10\/Ekran-Alintisi-4-300x174.png 300w\" alt=\"\" width=\"432\" height=\"250\" \/><\/figure>\n<h2>\u00d6\u011frenci Boyutu:<\/h2>\n<p>Bilgi ve ileti\u015fim teknolojilerinin etkili kullan\u0131m\u0131 e\u011fitim-\u00f6\u011fretim ortamlar\u0131n\u0131 da zenginle\u015ftirmektedir. \u00d6te yandan, fen derslerinde baz\u0131 kavramlar soyut ve anla\u015f\u0131lmas\u0131 zordur (B\u00fcy\u00fckkol K\u00f6se ve \u00c7etin, 2018). Bu nedenle, bilgi ve ileti\u015fim teknolojileri ile derslerin i\u015flenmesi \u00f6\u011frencilerin anlamas\u0131n\u0131 kolayla\u015ft\u0131rabilir.<\/p>\n<p>Fen derslerinde g\u00f6rsellerin kullan\u0131lmas\u0131 \u00e7ok \u00f6nemlidir. G\u00f6rsellerin teknoloji ile birle\u015ftirilerek kullan\u0131lmas\u0131 da \u00f6\u011frencilerin anlamas\u0131na yard\u0131mc\u0131 olabilir.<\/p>\n<p>\u00d6rne\u011fin, karekod ve Aurasma gibi artt\u0131r\u0131lm\u0131\u015f ger\u00e7eklik teknolojileri uygulamalar\u0131 fen derslerinde kullan\u0131labilir. B\u00f6ylece, g\u00f6rsellerin anla\u015f\u0131lmas\u0131 hayal edilmesi daha da kolayla\u015fabilir. \u00d6te yandan, sanal g\u00f6zl\u00fckler, sim\u00fclasyonlar, animasyonlar ve videolar gibi teknoloji \u00fcr\u00fcnleriyle fen dersleri daha da zevkli hale getirilebilir.<\/p>\n<div class=\"wp-container-5 wp-block-columns are-vertically-aligned-center\">\n<div class=\"wp-container-3 wp-block-column is-vertically-aligned-center\">\n<figure class=\"wp-block-image size-full is-resized\"><img loading=\"lazy\" decoding=\"async\" class=\"wp-image-140\" src=\"https:\/\/icaseonline.net\/esra\/wp-content\/uploads\/2021\/10\/2-2.png\" sizes=\"auto, (max-width: 429px) 100vw, 429px\" srcset=\"https:\/\/icaseonline.net\/esra\/wp-content\/uploads\/2021\/10\/2-2.png 321w, https:\/\/icaseonline.net\/esra\/wp-content\/uploads\/2021\/10\/2-2-300x164.png 300w\" alt=\"\" width=\"429\" height=\"234\" \/><\/figure>\n<\/div>\n<div class=\"wp-container-4 wp-block-column is-vertically-aligned-top\">\n<p>Geli\u015fen teknolojilerle birlikte \u00fclkeler ba\u015fta bilgisayar ve mobil ara\u00e7lar olmak \u00fczere, bilgi ve ileti\u015fim teknolojilerini yayg\u0131n ve etkin bir \u015fekilde kullanmaktad\u0131rlar. Geli\u015fen bu teknolojide e\u011fitime entegre edilerek e\u011fitimin bu geli\u015fen d\u00fcnyada bilginin temel merkeziyle e\u015fg\u00fcd\u00fcml\u00fc olarak ilerlemesi g\u00f6zlenmi\u015ftir (G\u00fcng\u00f6ren, Bekta\u015f, \u00d6zt\u00fcrk ve Horzum, 2014). Literat\u00fcrde web tabanl\u0131 \u00f6\u011fretim materyallerine ili\u015fkin baz\u0131 \u00e7al\u0131\u015fmalar bulunmaktad\u0131r. .<\/p>\n<\/div>\n<\/div>\n<div class=\"wp-container-8 wp-block-columns\">\n<div class=\"wp-container-6 wp-block-column\">\n<p>\u00d6\u011frenciler i\u00e7eri\u011fin etkinlik, deney, oyun, animasyon vb. den olu\u015fmas\u0131ndan son derece memnun kald\u0131klar\u0131n\u0131 ve bilgisayar kullanmay\u0131 sevdiklerini dile getirmi\u015flerdir. Fen derslerinde g\u00f6rsellerin kullan\u0131lmas\u0131 da \u00e7ok \u00f6nemlidir. G\u00f6rsellerin teknoloji ile birle\u015ftirilerek kullan\u0131lmas\u0131 ile \u00f6\u011frencilerin anlamas\u0131na yard\u0131mc\u0131 olabilir. \u00d6rne\u011fin, karekod ve Aurasma gibi artt\u0131r\u0131lm\u0131\u015f ger\u00e7eklik teknolojileri uygulamalar\u0131 fen derslerinde kullan\u0131labilir. B\u00f6ylece, g\u00f6rsellerin anla\u015f\u0131lmas\u0131 hayal edilmesi daha da kolayla\u015fabilir. \u00d6te yandan, sanal g\u00f6zl\u00fckler, sim\u00fclasyonlar, animasyonlar ve videolar gibi teknoloji \u00fcr\u00fcnleriyle fen dersleri daha da zevkli hale getirilebilir. \u00d6rne\u011fin, Phet sim\u00fclasyon programlar\u0131 ile dersler i\u015flenebilir (PHET interactive simulations). Dijital ve sanal d\u00fcnya e\u011fitimde gittik\u00e7e artan oranda kullan\u0131lmaktad\u0131r. \u00d6rne\u011fin, karekodlar\u0131n e\u011fitimde kullan\u0131m\u0131n\u0131n \u00f6\u011frenci ba\u015far\u0131s\u0131n\u0131 artt\u0131rd\u0131\u011f\u0131n\u0131 g\u00f6steren baz\u0131 \u00e7al\u0131\u015fmalar bulunmaktad\u0131r (Durak, \u00d6zkeskin ve Ataizi, 2016).<\/p>\n<\/div>\n<div class=\"wp-container-7 wp-block-column\">\n<figure class=\"wp-block-image size-full is-resized\"><img loading=\"lazy\" decoding=\"async\" class=\"wp-image-142\" src=\"https:\/\/icaseonline.net\/esra\/wp-content\/uploads\/2021\/10\/3-2.png\" sizes=\"auto, (max-width: 330px) 100vw, 330px\" srcset=\"https:\/\/icaseonline.net\/esra\/wp-content\/uploads\/2021\/10\/3-2.png 321w, https:\/\/icaseonline.net\/esra\/wp-content\/uploads\/2021\/10\/3-2-300x282.png 300w\" alt=\"\" width=\"330\" height=\"310\" \/><\/figure>\n<figure class=\"wp-block-image size-full\"><img loading=\"lazy\" decoding=\"async\" class=\"wp-image-144\" src=\"https:\/\/icaseonline.net\/esra\/wp-content\/uploads\/2021\/10\/1-5.png\" sizes=\"auto, (max-width: 473px) 100vw, 473px\" srcset=\"https:\/\/icaseonline.net\/esra\/wp-content\/uploads\/2021\/10\/1-5.png 473w, https:\/\/icaseonline.net\/esra\/wp-content\/uploads\/2021\/10\/1-5-300x195.png 300w\" alt=\"\" width=\"473\" height=\"308\" \/><\/figure>\n<figure class=\"wp-block-embed is-type-video is-provider-youtube wp-block-embed-youtube wp-embed-aspect-16-9 wp-has-aspect-ratio\">\n<div class=\"wp-block-embed__wrapper\"><iframe loading=\"lazy\" title=\"What is PhET?\" src=\"https:\/\/www.youtube.com\/embed\/4Hj6GqBRpA0?feature=oembed\" width=\"640\" height=\"360\" frameborder=\"0\" allowfullscreen=\"allowfullscreen\" data-mce-fragment=\"1\"><\/iframe><\/div>\n<\/figure>\n<\/div>\n<\/div>\n<p>Kaynak:<\/p>\n<p><a href=\"https:\/\/dergipark.org.tr\/tr\/download\/article-file\/620479\" data-type=\"URL\" data-id=\"https:\/\/dergipark.org.tr\/tr\/download\/article-file\/620479\">https:\/\/dergipark.org.tr\/tr\/download\/article-file\/620479<\/a><\/p>\n<\/div>\n","protected":false},"excerpt":{"rendered":"<p>1.Hafta:Bilgi ve \u0130leti\u015fim Teknolojileri Destekli \u0130lk\u00f6\u011fretimde Fen E\u011fitimi Dersin Amac\u0131: Bu y\u00fcksek lisans dersi fen ve teknoloji e\u011fitiminde modern \u00f6\u011fretim ve \u00f6\u011frenme teori ve modellerini kullanarak bilgi ve ileti\u015fim teknolojileri ile desteklendirilmi\u015f \u00f6\u011fretim materyalleri geli\u015ftirmeyi ve uygulamay\u0131 hedeflemektedir. Dersin \u00d6\u011frenme &hellip; <a href=\"https:\/\/icaseonline.net\/umit\/1-hafta\/\">Continue reading <span class=\"meta-nav\">&rarr;<\/span><\/a><\/p>\n","protected":false},"author":2,"featured_media":0,"parent":0,"menu_order":0,"comment_status":"closed","ping_status":"closed","template":"","meta":{"om_disable_all_campaigns":false,"_monsterinsights_skip_tracking":false,"_monsterinsights_sitenote_active":false,"_monsterinsights_sitenote_note":"","_monsterinsights_sitenote_category":0,"footnotes":""},"class_list":["post-13","page","type-page","status-publish","hentry"],"yoast_head":"<!-- This site is optimized with the Yoast SEO plugin v27.2 - https:\/\/yoast.com\/product\/yoast-seo-wordpress\/ -->\n<title>1. HAFTA - \u00dcM\u0130T YILDIRIM<\/title>\n<meta name=\"robots\" content=\"index, follow, max-snippet:-1, max-image-preview:large, max-video-preview:-1\" \/>\n<link rel=\"canonical\" href=\"https:\/\/icaseonline.net\/umit\/1-hafta\/\" \/>\n<meta property=\"og:locale\" content=\"en_US\" \/>\n<meta property=\"og:type\" content=\"article\" \/>\n<meta property=\"og:title\" content=\"1. HAFTA - \u00dcM\u0130T YILDIRIM\" \/>\n<meta property=\"og:description\" content=\"1.Hafta:Bilgi ve \u0130leti\u015fim Teknolojileri Destekli \u0130lk\u00f6\u011fretimde Fen E\u011fitimi Dersin Amac\u0131: Bu y\u00fcksek lisans dersi fen ve teknoloji e\u011fitiminde modern \u00f6\u011fretim ve \u00f6\u011frenme teori ve modellerini kullanarak bilgi ve ileti\u015fim teknolojileri ile desteklendirilmi\u015f \u00f6\u011fretim materyalleri geli\u015ftirmeyi ve uygulamay\u0131 hedeflemektedir. Dersin \u00d6\u011frenme &hellip; Continue reading &rarr;\" \/>\n<meta property=\"og:url\" content=\"https:\/\/icaseonline.net\/umit\/1-hafta\/\" \/>\n<meta property=\"og:site_name\" content=\"\u00dcM\u0130T YILDIRIM\" \/>\n<meta property=\"article:modified_time\" content=\"2022-10-24T11:46:30+00:00\" \/>\n<meta property=\"og:image\" content=\"https:\/\/icaseonline.net\/esra\/wp-content\/uploads\/2021\/10\/Ekran-Alintisi-2.png\" \/>\n<meta name=\"twitter:card\" content=\"summary_large_image\" \/>\n<script type=\"application\/ld+json\" class=\"yoast-schema-graph\">{\"@context\":\"https:\/\/schema.org\",\"@graph\":[{\"@type\":\"WebPage\",\"@id\":\"https:\/\/icaseonline.net\/umit\/1-hafta\/\",\"url\":\"https:\/\/icaseonline.net\/umit\/1-hafta\/\",\"name\":\"1. HAFTA - \u00dcM\u0130T YILDIRIM\",\"isPartOf\":{\"@id\":\"https:\/\/icaseonline.net\/umit\/#website\"},\"primaryImageOfPage\":{\"@id\":\"https:\/\/icaseonline.net\/umit\/1-hafta\/#primaryimage\"},\"image\":{\"@id\":\"https:\/\/icaseonline.net\/umit\/1-hafta\/#primaryimage\"},\"thumbnailUrl\":\"https:\/\/icaseonline.net\/esra\/wp-content\/uploads\/2021\/10\/Ekran-Alintisi-2.png\",\"datePublished\":\"2022-10-17T11:55:56+00:00\",\"dateModified\":\"2022-10-24T11:46:30+00:00\",\"breadcrumb\":{\"@id\":\"https:\/\/icaseonline.net\/umit\/1-hafta\/#breadcrumb\"},\"inLanguage\":\"en-US\",\"potentialAction\":[{\"@type\":\"ReadAction\",\"target\":[\"https:\/\/icaseonline.net\/umit\/1-hafta\/\"]}]},{\"@type\":\"ImageObject\",\"inLanguage\":\"en-US\",\"@id\":\"https:\/\/icaseonline.net\/umit\/1-hafta\/#primaryimage\",\"url\":\"https:\/\/icaseonline.net\/esra\/wp-content\/uploads\/2021\/10\/Ekran-Alintisi-2.png\",\"contentUrl\":\"https:\/\/icaseonline.net\/esra\/wp-content\/uploads\/2021\/10\/Ekran-Alintisi-2.png\"},{\"@type\":\"BreadcrumbList\",\"@id\":\"https:\/\/icaseonline.net\/umit\/1-hafta\/#breadcrumb\",\"itemListElement\":[{\"@type\":\"ListItem\",\"position\":1,\"name\":\"Home\",\"item\":\"https:\/\/icaseonline.net\/umit\/\"},{\"@type\":\"ListItem\",\"position\":2,\"name\":\"1. HAFTA\"}]},{\"@type\":\"WebSite\",\"@id\":\"https:\/\/icaseonline.net\/umit\/#website\",\"url\":\"https:\/\/icaseonline.net\/umit\/\",\"name\":\"\u00dcM\u0130T YILDIRIM\",\"description\":\"IFE 5025 - Bilgi ve \u0130leti\u015fim Teknolojileri Destekli Fen E\u011fitimi\",\"potentialAction\":[{\"@type\":\"SearchAction\",\"target\":{\"@type\":\"EntryPoint\",\"urlTemplate\":\"https:\/\/icaseonline.net\/umit\/?s={search_term_string}\"},\"query-input\":{\"@type\":\"PropertyValueSpecification\",\"valueRequired\":true,\"valueName\":\"search_term_string\"}}],\"inLanguage\":\"en-US\"}]}<\/script>\n<!-- \/ Yoast SEO plugin. -->","yoast_head_json":{"title":"1. HAFTA - \u00dcM\u0130T YILDIRIM","robots":{"index":"index","follow":"follow","max-snippet":"max-snippet:-1","max-image-preview":"max-image-preview:large","max-video-preview":"max-video-preview:-1"},"canonical":"https:\/\/icaseonline.net\/umit\/1-hafta\/","og_locale":"en_US","og_type":"article","og_title":"1. HAFTA - \u00dcM\u0130T YILDIRIM","og_description":"1.Hafta:Bilgi ve \u0130leti\u015fim Teknolojileri Destekli \u0130lk\u00f6\u011fretimde Fen E\u011fitimi Dersin Amac\u0131: Bu y\u00fcksek lisans dersi fen ve teknoloji e\u011fitiminde modern \u00f6\u011fretim ve \u00f6\u011frenme teori ve modellerini kullanarak bilgi ve ileti\u015fim teknolojileri ile desteklendirilmi\u015f \u00f6\u011fretim materyalleri geli\u015ftirmeyi ve uygulamay\u0131 hedeflemektedir. Dersin \u00d6\u011frenme &hellip; Continue reading &rarr;","og_url":"https:\/\/icaseonline.net\/umit\/1-hafta\/","og_site_name":"\u00dcM\u0130T YILDIRIM","article_modified_time":"2022-10-24T11:46:30+00:00","og_image":[{"url":"https:\/\/icaseonline.net\/esra\/wp-content\/uploads\/2021\/10\/Ekran-Alintisi-2.png","type":"","width":"","height":""}],"twitter_card":"summary_large_image","schema":{"@context":"https:\/\/schema.org","@graph":[{"@type":"WebPage","@id":"https:\/\/icaseonline.net\/umit\/1-hafta\/","url":"https:\/\/icaseonline.net\/umit\/1-hafta\/","name":"1. HAFTA - \u00dcM\u0130T YILDIRIM","isPartOf":{"@id":"https:\/\/icaseonline.net\/umit\/#website"},"primaryImageOfPage":{"@id":"https:\/\/icaseonline.net\/umit\/1-hafta\/#primaryimage"},"image":{"@id":"https:\/\/icaseonline.net\/umit\/1-hafta\/#primaryimage"},"thumbnailUrl":"https:\/\/icaseonline.net\/esra\/wp-content\/uploads\/2021\/10\/Ekran-Alintisi-2.png","datePublished":"2022-10-17T11:55:56+00:00","dateModified":"2022-10-24T11:46:30+00:00","breadcrumb":{"@id":"https:\/\/icaseonline.net\/umit\/1-hafta\/#breadcrumb"},"inLanguage":"en-US","potentialAction":[{"@type":"ReadAction","target":["https:\/\/icaseonline.net\/umit\/1-hafta\/"]}]},{"@type":"ImageObject","inLanguage":"en-US","@id":"https:\/\/icaseonline.net\/umit\/1-hafta\/#primaryimage","url":"https:\/\/icaseonline.net\/esra\/wp-content\/uploads\/2021\/10\/Ekran-Alintisi-2.png","contentUrl":"https:\/\/icaseonline.net\/esra\/wp-content\/uploads\/2021\/10\/Ekran-Alintisi-2.png"},{"@type":"BreadcrumbList","@id":"https:\/\/icaseonline.net\/umit\/1-hafta\/#breadcrumb","itemListElement":[{"@type":"ListItem","position":1,"name":"Home","item":"https:\/\/icaseonline.net\/umit\/"},{"@type":"ListItem","position":2,"name":"1. HAFTA"}]},{"@type":"WebSite","@id":"https:\/\/icaseonline.net\/umit\/#website","url":"https:\/\/icaseonline.net\/umit\/","name":"\u00dcM\u0130T YILDIRIM","description":"IFE 5025 - Bilgi ve \u0130leti\u015fim Teknolojileri Destekli Fen E\u011fitimi","potentialAction":[{"@type":"SearchAction","target":{"@type":"EntryPoint","urlTemplate":"https:\/\/icaseonline.net\/umit\/?s={search_term_string}"},"query-input":{"@type":"PropertyValueSpecification","valueRequired":true,"valueName":"search_term_string"}}],"inLanguage":"en-US"}]}},"_links":{"self":[{"href":"https:\/\/icaseonline.net\/umit\/wp-json\/wp\/v2\/pages\/13","targetHints":{"allow":["GET"]}}],"collection":[{"href":"https:\/\/icaseonline.net\/umit\/wp-json\/wp\/v2\/pages"}],"about":[{"href":"https:\/\/icaseonline.net\/umit\/wp-json\/wp\/v2\/types\/page"}],"author":[{"embeddable":true,"href":"https:\/\/icaseonline.net\/umit\/wp-json\/wp\/v2\/users\/2"}],"replies":[{"embeddable":true,"href":"https:\/\/icaseonline.net\/umit\/wp-json\/wp\/v2\/comments?post=13"}],"version-history":[{"count":3,"href":"https:\/\/icaseonline.net\/umit\/wp-json\/wp\/v2\/pages\/13\/revisions"}],"predecessor-version":[{"id":111,"href":"https:\/\/icaseonline.net\/umit\/wp-json\/wp\/v2\/pages\/13\/revisions\/111"}],"wp:attachment":[{"href":"https:\/\/icaseonline.net\/umit\/wp-json\/wp\/v2\/media?parent=13"}],"curies":[{"name":"wp","href":"https:\/\/api.w.org\/{rel}","templated":true}]}}