{"id":135,"date":"2022-10-17T11:42:38","date_gmt":"2022-10-17T11:42:38","guid":{"rendered":"https:\/\/icaseonline.net\/emine\/?page_id=135"},"modified":"2022-10-17T11:55:58","modified_gmt":"2022-10-17T11:55:58","slug":"quiz","status":"publish","type":"page","link":"https:\/\/icaseonline.net\/emine\/haftalar\/3-hafta\/quiz\/","title":{"rendered":"Quiz"},"content":{"rendered":"\n<div class=\"forminator-guttenberg\"><div class=\"forminator-ui forminator-custom-form forminator-custom-form-134 forminator-design--default  forminator_ajax\" data-forminator-render=\"0\" data-form=\"forminator-module-134\" data-uid=\"69d24ee4527af\"><br\/><\/div><form\n\t\t\t\tid=\"forminator-module-134\"\n\t\t\t\tclass=\"forminator-ui forminator-custom-form forminator-custom-form-134 forminator-design--default  forminator_ajax\"\n\t\t\t\tmethod=\"post\"\n\t\t\t\tdata-forminator-render=\"0\"\n\t\t\t\tdata-form-id=\"134\"\n\t\t\t\t data-color-option=\"default\" data-design=\"default\" data-grid=\"open\" style=\"display: none;\"\n\t\t\t\tdata-uid=\"69d24ee4527af\"\n\t\t\t><div role=\"alert\" aria-live=\"polite\" class=\"forminator-response-message forminator-error\" aria-hidden=\"true\"><\/div><div class=\"forminator-row\"><div id=\"name-1\" class=\"forminator-field-name forminator-col forminator-col-12 \"><div class=\"forminator-field\"><label for=\"forminator-field-name-1_69d24ee4527af\" id=\"forminator-field-name-1_69d24ee4527af-label\" class=\"forminator-label\">Ad-Soyad<\/label><input type=\"text\" name=\"name-1\" value=\"\" placeholder=\"\" id=\"forminator-field-name-1_69d24ee4527af\" class=\"forminator-input forminator-name--field\" aria-required=\"false\" autocomplete=\"name\" \/><\/div><\/div><\/div><div class=\"forminator-row\"><div id=\"email-1\" class=\"forminator-field-email forminator-col forminator-col-12 \"><div class=\"forminator-field\"><label for=\"forminator-field-email-1_69d24ee4527af\" id=\"forminator-field-email-1_69d24ee4527af-label\" class=\"forminator-label\">Okul ad\u0131<\/label><input type=\"email\" name=\"email-1\" value=\"\" placeholder=\"\" id=\"forminator-field-email-1_69d24ee4527af\" class=\"forminator-input forminator-email--field\" data-required=\"\" aria-required=\"false\" autocomplete=\"email\" \/><\/div><\/div><\/div><div class=\"forminator-row\"><div id=\"phone-1\" class=\"forminator-field-phone forminator-col forminator-col-12 \"><div class=\"forminator-field\"><label for=\"forminator-field-phone-1_69d24ee4527af\" id=\"forminator-field-phone-1_69d24ee4527af-label\" class=\"forminator-label\">Okul Numaras\u0131<\/label><input type=\"text\" name=\"phone-1\" value=\"\" placeholder=\"\" id=\"forminator-field-phone-1_69d24ee4527af\" class=\"forminator-input forminator-field--phone\" data-required=\"\" aria-required=\"false\" autocomplete=\"off\" \/><\/div><\/div><\/div><div class=\"forminator-row\"><div id=\"textarea-1\" class=\"forminator-field-textarea forminator-col forminator-col-12 \"><div class=\"forminator-field\"><label for=\"forminator-field-textarea-1_69d24ee4527af\" id=\"forminator-field-textarea-1_69d24ee4527af-label\" class=\"forminator-label\">Soru 1: Yenilenebilir Enerji kaynaklar\u0131 nelerdir?<\/label><textarea name=\"textarea-1\" placeholder=\"\" id=\"forminator-field-textarea-1_69d24ee4527af\" class=\"forminator-textarea\" rows=\"6\" style=\"min-height:140px;\" ><\/textarea><\/div><\/div><\/div><div class=\"forminator-row\"><div id=\"select-1\" class=\"forminator-field-select forminator-col forminator-col-12 \"><div class=\"forminator-field\"><label for=\"forminator-form-134__field--select-1_69d24ee4527af\" id=\"forminator-form-134__field--select-1_69d24ee4527af-label\" class=\"forminator-label\">2.Soru: A\u015fa\u011f\u0131dakilerden hangisi sadece hayvan h\u00fccresinde bulunur?<\/label><div class=\"forminator-multiselect\" aria-labelledby=\"forminator-form-134__field--select-1_69d24ee4527af-label\"><label id=\"forminator-form-134__field--select-1_69d24ee4527af-1-label\" for=\"forminator-form-134__field--select-1_69d24ee4527af-1\" class=\"forminator-option forminator-is_checked\"><input type=\"checkbox\" name=\"select-1[]\" value=\"one\" id=\"forminator-form-134__field--select-1_69d24ee4527af-1\" aria-labelledby=\"forminator-form-134__field--select-1_69d24ee4527af-1-label\" data-calculation=\"0\"  checked=\"checked\" \/>A) H\u00fccre zar\u0131<\/label><label id=\"forminator-form-134__field--select-1_69d24ee4527af-2-label\" for=\"forminator-form-134__field--select-1_69d24ee4527af-2\" class=\"forminator-option\"><input type=\"checkbox\" name=\"select-1[]\" value=\"two\" id=\"forminator-form-134__field--select-1_69d24ee4527af-2\" aria-labelledby=\"forminator-form-134__field--select-1_69d24ee4527af-2-label\" data-calculation=\"0\"   \/>B) H\u00fccre Duvar\u0131<\/label><label id=\"forminator-form-134__field--select-1_69d24ee4527af-3-label\" for=\"forminator-form-134__field--select-1_69d24ee4527af-3\" class=\"forminator-option\"><input type=\"checkbox\" name=\"select-1[]\" value=\"Sentrozom\" id=\"forminator-form-134__field--select-1_69d24ee4527af-3\" aria-labelledby=\"forminator-form-134__field--select-1_69d24ee4527af-3-label\" data-calculation=\"0\"   \/>C) Sentrozom<\/label><label id=\"forminator-form-134__field--select-1_69d24ee4527af-4-label\" for=\"forminator-form-134__field--select-1_69d24ee4527af-4\" class=\"forminator-option\"><input type=\"checkbox\" name=\"select-1[]\" value=\"Ribozom\" id=\"forminator-form-134__field--select-1_69d24ee4527af-4\" aria-labelledby=\"forminator-form-134__field--select-1_69d24ee4527af-4-label\" data-calculation=\"0\"   \/>D)Ribozom<\/label><input type='hidden' name='select-1-multiselect-default-values' class='multiselect-default-values' value='{\"0\":\"one\"}' \/><\/div><\/div><\/div><\/div><div class=\"forminator-row\"><div id=\"select-2\" class=\"forminator-field-select forminator-col forminator-col-12 \"><div class=\"forminator-field\"><label for=\"forminator-form-134__field--select-2_69d24ee4527af\" id=\"forminator-form-134__field--select-2_69d24ee4527af-label\" class=\"forminator-label\">Soru 3: Kemiklerin birbirine ba\u011fland\u0131\u011f\u0131 yere ............... denir. Bo\u015flu\u011fa a\u015fa\u011f\u0131daki \u015f\u0131klardan hangisi gelmelidir?<\/label><select  id=\"forminator-form-134__field--select-2_69d24ee4527af\" class=\"forminator-select--field forminator-select2 forminator-select2-multiple\" data-required=\"\" name=\"select-2\" data-default-value=\"\" data-placeholder=\"\" data-search=\"false\" data-search-placeholder=\"\" data-checkbox=\"false\" data-allow-clear=\"false\" aria-labelledby=\"forminator-form-134__field--select-2_69d24ee4527af-label\"><option value=\"one\"  data-calculation=\"0\">Eklem<\/option><option value=\"two\"  data-calculation=\"0\">K\u0131k\u0131rdak<\/option><option value=\"Kas\"  data-calculation=\"0\">Kas<\/option><option value=\"Tendon\"  data-calculation=\"0\">Tendon<\/option><\/select><\/div><\/div><\/div><div class=\"forminator-row\"><div id=\"select-3\" class=\"forminator-field-select forminator-col forminator-col-12 \"><div class=\"forminator-field\"><label for=\"forminator-form-134__field--select-3_69d24ee4527af\" id=\"forminator-form-134__field--select-3_69d24ee4527af-label\" class=\"forminator-label\">Soru 4: Uzay, Evren&#039;den b\u00fcy\u00fckt\u00fcr.<\/label><select  id=\"forminator-form-134__field--select-3_69d24ee4527af\" class=\"forminator-select--field forminator-select2 forminator-select2-multiple\" data-required=\"\" name=\"select-3\" data-default-value=\"\" data-placeholder=\"\" data-search=\"false\" data-search-placeholder=\"\" data-checkbox=\"false\" data-allow-clear=\"false\" aria-labelledby=\"forminator-form-134__field--select-3_69d24ee4527af-label\"><option value=\"one\"  data-calculation=\"0\">Do\u011fru<\/option><option value=\"two\"  data-calculation=\"0\">Yanl\u0131\u015f<\/option><\/select><\/div><\/div><\/div><div class=\"forminator-row\"><div id=\"checkbox-1\" class=\"forminator-field-checkbox forminator-col forminator-col-12 \"><div role=\"group\" class=\"forminator-field\" aria-labelledby=\"forminator-checkbox-group-forminator-field-checkbox-1-69d24ee4527af-label\"><span id=\"forminator-checkbox-group-forminator-field-checkbox-1-69d24ee4527af-label\" class=\"forminator-label\">Soru 5: Kinetik enerji nelere ba\u011fl\u0131d\u0131r?<\/span><label id=\"forminator-field-checkbox-1-1-69d24ee4527af-label\" for=\"forminator-field-checkbox-1-1-69d24ee4527af\" class=\"forminator-checkbox\" title=\"K\u00fctle\"><input type=\"checkbox\" name=\"checkbox-1[]\" value=\"one\" id=\"forminator-field-checkbox-1-1-69d24ee4527af\" aria-labelledby=\"forminator-field-checkbox-1-1-69d24ee4527af-label\" data-calculation=\"0\"   aria-describedby=\"forminator-field-checkbox-1-69d24ee4527af-description\"\/><span class=\"forminator-checkbox-box\" aria-hidden=\"true\"><\/span><span class=\"forminator-checkbox-label\">K\u00fctle<\/span><\/label><label id=\"forminator-field-checkbox-1-2-69d24ee4527af-label\" for=\"forminator-field-checkbox-1-2-69d24ee4527af\" class=\"forminator-checkbox\" title=\"Y\u00fckseklik\"><input type=\"checkbox\" name=\"checkbox-1[]\" value=\"two\" id=\"forminator-field-checkbox-1-2-69d24ee4527af\" aria-labelledby=\"forminator-field-checkbox-1-2-69d24ee4527af-label\" data-calculation=\"0\"   aria-describedby=\"forminator-field-checkbox-1-69d24ee4527af-description\"\/><span class=\"forminator-checkbox-box\" aria-hidden=\"true\"><\/span><span class=\"forminator-checkbox-label\">Y\u00fckseklik<\/span><\/label><label id=\"forminator-field-checkbox-1-3-69d24ee4527af-label\" for=\"forminator-field-checkbox-1-3-69d24ee4527af\" class=\"forminator-checkbox\" title=\"S\u00fcrat\"><input type=\"checkbox\" name=\"checkbox-1[]\" value=\"S\u00fcrat\" id=\"forminator-field-checkbox-1-3-69d24ee4527af\" aria-labelledby=\"forminator-field-checkbox-1-3-69d24ee4527af-label\" data-calculation=\"0\"   aria-describedby=\"forminator-field-checkbox-1-69d24ee4527af-description\"\/><span class=\"forminator-checkbox-box\" aria-hidden=\"true\"><\/span><span class=\"forminator-checkbox-label\">S\u00fcrat<\/span><\/label><label id=\"forminator-field-checkbox-1-4-69d24ee4527af-label\" for=\"forminator-field-checkbox-1-4-69d24ee4527af\" class=\"forminator-checkbox\" title=\"S\u0131cakl\u0131k\"><input type=\"checkbox\" name=\"checkbox-1[]\" value=\"S\u0131cakl\u0131k\" id=\"forminator-field-checkbox-1-4-69d24ee4527af\" aria-labelledby=\"forminator-field-checkbox-1-4-69d24ee4527af-label\" data-calculation=\"0\"   aria-describedby=\"forminator-field-checkbox-1-69d24ee4527af-description\"\/><span class=\"forminator-checkbox-box\" aria-hidden=\"true\"><\/span><span class=\"forminator-checkbox-label\">S\u0131cakl\u0131k<\/span><\/label><label id=\"forminator-field-checkbox-1-5-69d24ee4527af-label\" for=\"forminator-field-checkbox-1-5-69d24ee4527af\" class=\"forminator-checkbox\" title=\"Bas\u0131n\u00e7\"><input type=\"checkbox\" name=\"checkbox-1[]\" value=\"Bas\u0131n\u00e7\" id=\"forminator-field-checkbox-1-5-69d24ee4527af\" aria-labelledby=\"forminator-field-checkbox-1-5-69d24ee4527af-label\" data-calculation=\"0\"   aria-describedby=\"forminator-field-checkbox-1-69d24ee4527af-description\"\/><span class=\"forminator-checkbox-box\" aria-hidden=\"true\"><\/span><span class=\"forminator-checkbox-label\">Bas\u0131n\u00e7<\/span><\/label><label id=\"forminator-field-checkbox-1-6-69d24ee4527af-label\" for=\"forminator-field-checkbox-1-6-69d24ee4527af\" class=\"forminator-checkbox\" title=\"S\u00fcrt\u00fcnme\"><input type=\"checkbox\" name=\"checkbox-1[]\" value=\"S\u00fcrt\u00fcnme\" id=\"forminator-field-checkbox-1-6-69d24ee4527af\" aria-labelledby=\"forminator-field-checkbox-1-6-69d24ee4527af-label\" data-calculation=\"0\"   aria-describedby=\"forminator-field-checkbox-1-69d24ee4527af-description\"\/><span class=\"forminator-checkbox-box\" aria-hidden=\"true\"><\/span><span class=\"forminator-checkbox-label\">S\u00fcrt\u00fcnme<\/span><\/label><span id=\"forminator-field-checkbox-1-69d24ee4527af-description\" class=\"forminator-description\">Soru 5: Kinetik enerji nelere ba\u011fl\u0131d\u0131r?<\/span><\/div><\/div><\/div><input type=\"hidden\" name=\"referer_url\" value=\"\" \/><div class=\"forminator-row forminator-row-last\"><div class=\"forminator-col\"><div class=\"forminator-field\"><button class=\"forminator-button forminator-button-submit\">Send Message<\/button><\/div><\/div><\/div><input type=\"hidden\" id=\"forminator_nonce\" name=\"forminator_nonce\" value=\"34cc89c3ad\" \/><input type=\"hidden\" name=\"_wp_http_referer\" value=\"\/emine\/wp-json\/wp\/v2\/pages\/135\" \/><input type=\"hidden\" name=\"form_id\" value=\"134\"><input type=\"hidden\" name=\"page_id\" value=\"135\"><input type=\"hidden\" name=\"form_type\" value=\"default\"><input type=\"hidden\" name=\"current_url\" value=\"https:\/\/icaseonline.net\/emine\/haftalar\/3-hafta\/quiz\/\"><input type=\"hidden\" name=\"render_id\" value=\"0\"><input type=\"hidden\" name=\"action\" value=\"forminator_submit_form_custom-forms\"><\/form><\/div>\n","protected":false},"excerpt":{"rendered":"","protected":false},"author":1,"featured_media":0,"parent":99,"menu_order":0,"comment_status":"closed","ping_status":"closed","template":"","meta":{"om_disable_all_campaigns":false,"_monsterinsights_skip_tracking":false,"_monsterinsights_sitenote_active":false,"_monsterinsights_sitenote_note":"","_monsterinsights_sitenote_category":0,"footnotes":""},"class_list":["post-135","page","type-page","status-publish","hentry"],"yoast_head":"<!-- This site is optimized with the Yoast SEO plugin v27.2 - https:\/\/yoast.com\/product\/yoast-seo-wordpress\/ -->\n<title>Quiz - Emine<\/title>\n<meta name=\"robots\" content=\"index, follow, max-snippet:-1, max-image-preview:large, max-video-preview:-1\" \/>\n<link rel=\"canonical\" href=\"https:\/\/icaseonline.net\/emine\/haftalar\/3-hafta\/quiz\/\" \/>\n<meta property=\"og:locale\" content=\"en_US\" \/>\n<meta property=\"og:type\" content=\"article\" \/>\n<meta property=\"og:title\" content=\"Quiz - Emine\" \/>\n<meta property=\"og:url\" content=\"https:\/\/icaseonline.net\/emine\/haftalar\/3-hafta\/quiz\/\" \/>\n<meta property=\"og:site_name\" content=\"Emine\" \/>\n<meta property=\"article:modified_time\" content=\"2022-10-17T11:55:58+00:00\" \/>\n<meta name=\"twitter:card\" content=\"summary_large_image\" \/>\n<meta name=\"twitter:label1\" content=\"Est. reading time\" \/>\n\t<meta name=\"twitter:data1\" content=\"1 minute\" \/>\n<script type=\"application\/ld+json\" class=\"yoast-schema-graph\">{\"@context\":\"https:\/\/schema.org\",\"@graph\":[{\"@type\":\"WebPage\",\"@id\":\"https:\/\/icaseonline.net\/emine\/haftalar\/3-hafta\/quiz\/\",\"url\":\"https:\/\/icaseonline.net\/emine\/haftalar\/3-hafta\/quiz\/\",\"name\":\"Quiz - Emine\",\"isPartOf\":{\"@id\":\"https:\/\/icaseonline.net\/emine\/#website\"},\"datePublished\":\"2022-10-17T11:42:38+00:00\",\"dateModified\":\"2022-10-17T11:55:58+00:00\",\"breadcrumb\":{\"@id\":\"https:\/\/icaseonline.net\/emine\/haftalar\/3-hafta\/quiz\/#breadcrumb\"},\"inLanguage\":\"en-US\",\"potentialAction\":[{\"@type\":\"ReadAction\",\"target\":[\"https:\/\/icaseonline.net\/emine\/haftalar\/3-hafta\/quiz\/\"]}]},{\"@type\":\"BreadcrumbList\",\"@id\":\"https:\/\/icaseonline.net\/emine\/haftalar\/3-hafta\/quiz\/#breadcrumb\",\"itemListElement\":[{\"@type\":\"ListItem\",\"position\":1,\"name\":\"Home\",\"item\":\"https:\/\/icaseonline.net\/emine\/\"},{\"@type\":\"ListItem\",\"position\":2,\"name\":\"Haftalar\",\"item\":\"https:\/\/icaseonline.net\/emine\/haftalar\/\"},{\"@type\":\"ListItem\",\"position\":3,\"name\":\"3.Hafta: WordPress bile\u015fen kullan\u0131m\u0131\",\"item\":\"https:\/\/icaseonline.net\/emine\/haftalar\/3-hafta\/\"},{\"@type\":\"ListItem\",\"position\":4,\"name\":\"Quiz\"}]},{\"@type\":\"WebSite\",\"@id\":\"https:\/\/icaseonline.net\/emine\/#website\",\"url\":\"https:\/\/icaseonline.net\/emine\/\",\"name\":\"Emine\",\"description\":\"Bilgi ve \u0130leti\u015fim Teknoloji Destekli Fen E\u011fitimi\",\"potentialAction\":[{\"@type\":\"SearchAction\",\"target\":{\"@type\":\"EntryPoint\",\"urlTemplate\":\"https:\/\/icaseonline.net\/emine\/?s={search_term_string}\"},\"query-input\":{\"@type\":\"PropertyValueSpecification\",\"valueRequired\":true,\"valueName\":\"search_term_string\"}}],\"inLanguage\":\"en-US\"}]}<\/script>\n<!-- \/ Yoast SEO plugin. -->","yoast_head_json":{"title":"Quiz - Emine","robots":{"index":"index","follow":"follow","max-snippet":"max-snippet:-1","max-image-preview":"max-image-preview:large","max-video-preview":"max-video-preview:-1"},"canonical":"https:\/\/icaseonline.net\/emine\/haftalar\/3-hafta\/quiz\/","og_locale":"en_US","og_type":"article","og_title":"Quiz - Emine","og_url":"https:\/\/icaseonline.net\/emine\/haftalar\/3-hafta\/quiz\/","og_site_name":"Emine","article_modified_time":"2022-10-17T11:55:58+00:00","twitter_card":"summary_large_image","twitter_misc":{"Est. reading time":"1 minute"},"schema":{"@context":"https:\/\/schema.org","@graph":[{"@type":"WebPage","@id":"https:\/\/icaseonline.net\/emine\/haftalar\/3-hafta\/quiz\/","url":"https:\/\/icaseonline.net\/emine\/haftalar\/3-hafta\/quiz\/","name":"Quiz - Emine","isPartOf":{"@id":"https:\/\/icaseonline.net\/emine\/#website"},"datePublished":"2022-10-17T11:42:38+00:00","dateModified":"2022-10-17T11:55:58+00:00","breadcrumb":{"@id":"https:\/\/icaseonline.net\/emine\/haftalar\/3-hafta\/quiz\/#breadcrumb"},"inLanguage":"en-US","potentialAction":[{"@type":"ReadAction","target":["https:\/\/icaseonline.net\/emine\/haftalar\/3-hafta\/quiz\/"]}]},{"@type":"BreadcrumbList","@id":"https:\/\/icaseonline.net\/emine\/haftalar\/3-hafta\/quiz\/#breadcrumb","itemListElement":[{"@type":"ListItem","position":1,"name":"Home","item":"https:\/\/icaseonline.net\/emine\/"},{"@type":"ListItem","position":2,"name":"Haftalar","item":"https:\/\/icaseonline.net\/emine\/haftalar\/"},{"@type":"ListItem","position":3,"name":"3.Hafta: WordPress bile\u015fen kullan\u0131m\u0131","item":"https:\/\/icaseonline.net\/emine\/haftalar\/3-hafta\/"},{"@type":"ListItem","position":4,"name":"Quiz"}]},{"@type":"WebSite","@id":"https:\/\/icaseonline.net\/emine\/#website","url":"https:\/\/icaseonline.net\/emine\/","name":"Emine","description":"Bilgi ve \u0130leti\u015fim Teknoloji Destekli Fen E\u011fitimi","potentialAction":[{"@type":"SearchAction","target":{"@type":"EntryPoint","urlTemplate":"https:\/\/icaseonline.net\/emine\/?s={search_term_string}"},"query-input":{"@type":"PropertyValueSpecification","valueRequired":true,"valueName":"search_term_string"}}],"inLanguage":"en-US"}]}},"jetpack_sharing_enabled":true,"_links":{"self":[{"href":"https:\/\/icaseonline.net\/emine\/wp-json\/wp\/v2\/pages\/135","targetHints":{"allow":["GET"]}}],"collection":[{"href":"https:\/\/icaseonline.net\/emine\/wp-json\/wp\/v2\/pages"}],"about":[{"href":"https:\/\/icaseonline.net\/emine\/wp-json\/wp\/v2\/types\/page"}],"author":[{"embeddable":true,"href":"https:\/\/icaseonline.net\/emine\/wp-json\/wp\/v2\/users\/1"}],"replies":[{"embeddable":true,"href":"https:\/\/icaseonline.net\/emine\/wp-json\/wp\/v2\/comments?post=135"}],"version-history":[{"count":1,"href":"https:\/\/icaseonline.net\/emine\/wp-json\/wp\/v2\/pages\/135\/revisions"}],"predecessor-version":[{"id":136,"href":"https:\/\/icaseonline.net\/emine\/wp-json\/wp\/v2\/pages\/135\/revisions\/136"}],"up":[{"embeddable":true,"href":"https:\/\/icaseonline.net\/emine\/wp-json\/wp\/v2\/pages\/99"}],"wp:attachment":[{"href":"https:\/\/icaseonline.net\/emine\/wp-json\/wp\/v2\/media?parent=135"}],"curies":[{"name":"wp","href":"https:\/\/api.w.org\/{rel}","templated":true}]}}