{"id":171,"date":"2022-10-17T11:27:54","date_gmt":"2022-10-17T11:27:54","guid":{"rendered":"https:\/\/icaseonline.net\/damla2\/?page_id=171"},"modified":"2022-10-17T11:27:55","modified_gmt":"2022-10-17T11:27:55","slug":"quiz","status":"publish","type":"page","link":"https:\/\/icaseonline.net\/damla2\/quiz\/","title":{"rendered":"quiz"},"content":{"rendered":"\n<div class=\"forminator-guttenberg\"><div class=\"forminator-ui forminator-custom-form forminator-custom-form-170 forminator-design--default  forminator_ajax\" data-forminator-render=\"0\" data-form=\"forminator-module-170\" data-uid=\"69d2502b9665e\"><br\/><\/div><form\n\t\t\t\tid=\"forminator-module-170\"\n\t\t\t\tclass=\"forminator-ui forminator-custom-form forminator-custom-form-170 forminator-design--default  forminator_ajax\"\n\t\t\t\tmethod=\"post\"\n\t\t\t\tdata-forminator-render=\"0\"\n\t\t\t\tdata-form-id=\"170\"\n\t\t\t\t data-color-option=\"default\" data-design=\"default\" data-grid=\"open\" style=\"display: none;\"\n\t\t\t\tdata-uid=\"69d2502b9665e\"\n\t\t\t><div role=\"alert\" aria-live=\"polite\" class=\"forminator-response-message forminator-error\" aria-hidden=\"true\"><\/div><div class=\"forminator-row\"><div id=\"name-1\" class=\"forminator-field-name forminator-col forminator-col-12 \"><div class=\"forminator-field\"><label for=\"forminator-field-name-1_69d2502b9665e\" id=\"forminator-field-name-1_69d2502b9665e-label\" class=\"forminator-label\">\u00d6\u011frencinin ad\u0131 soyad\u0131<\/label><input type=\"text\" name=\"name-1\" value=\"\" placeholder=\"\" id=\"forminator-field-name-1_69d2502b9665e\" class=\"forminator-input forminator-name--field\" aria-required=\"false\" autocomplete=\"name\" \/><\/div><\/div><\/div><div class=\"forminator-row\"><div id=\"textarea-1\" class=\"forminator-field-textarea forminator-col forminator-col-12 \"><div class=\"forminator-field\"><label for=\"forminator-field-textarea-1_69d2502b9665e\" id=\"forminator-field-textarea-1_69d2502b9665e-label\" class=\"forminator-label\">Okul ad\u0131<\/label><textarea name=\"textarea-1\" placeholder=\"\" id=\"forminator-field-textarea-1_69d2502b9665e\" class=\"forminator-textarea\" rows=\"6\" style=\"min-height:140px;\" ><\/textarea><\/div><\/div><\/div><div class=\"forminator-row\"><div id=\"select-1\" class=\"forminator-field-select forminator-col forminator-col-12 \"><div class=\"forminator-field\"><label for=\"forminator-form-170__field--select-1_69d2502b9665e\" id=\"forminator-form-170__field--select-1_69d2502b9665e-label\" class=\"forminator-label\">Kaynaklar\u0131 tutumlu kullanan ki\u015filere ne ad verilir?<\/label><select  id=\"forminator-form-170__field--select-1_69d2502b9665e\" class=\"forminator-select--field forminator-select2 forminator-select2-multiple\" data-required=\"\" name=\"select-1\" data-default-value=\"bilin\u00e7li-t\u00fcketici\" data-placeholder=\"\" data-search=\"false\" data-search-placeholder=\"\" data-checkbox=\"false\" data-allow-clear=\"false\" aria-labelledby=\"forminator-form-170__field--select-1_69d2502b9665e-label\"><option value=\"one\"  data-calculation=\"0\">kullan\u0131c\u0131<\/option><option value=\"two\"  data-calculation=\"0\">t\u00fcketici<\/option><option value=\"bilin\u00e7li-t\u00fcketici\" selected=\"selected\" data-calculation=\"0\">bilin\u00e7li t\u00fcketici<\/option><option value=\"cimri\"  data-calculation=\"0\">cimri<\/option><\/select><\/div><\/div><\/div><div class=\"forminator-row\"><div id=\"select-2\" class=\"forminator-field-select forminator-col forminator-col-12 \"><div class=\"forminator-field\"><label for=\"forminator-form-170__field--select-2_69d2502b9665e\" id=\"forminator-form-170__field--select-2_69d2502b9665e-label\" class=\"forminator-label\">Kaynaklar\u0131 tasarruflu kullanan birisi i\u00e7in a\u015fa\u011f\u0131dakilerden hangisi s\u00f6ylenebilir?<\/label><select  id=\"forminator-form-170__field--select-2_69d2502b9665e\" class=\"forminator-select--field forminator-select2 forminator-select2-multiple\" data-required=\"\" name=\"select-2\" data-default-value=\"Faturalar\u0131n\u0131n-miktar\u0131-d\u00fc\u015f\u00fck-olur.\" data-placeholder=\"\" data-search=\"false\" data-search-placeholder=\"\" data-checkbox=\"false\" data-allow-clear=\"false\" aria-labelledby=\"forminator-form-170__field--select-2_69d2502b9665e-label\"><option value=\"one\"  data-calculation=\"0\">Aile b\u00fct\u00e7esi zarar g\u00f6r\u00fcr.<\/option><option value=\"two\"  data-calculation=\"0\">Ekonomik s\u0131k\u0131nt\u0131 ya\u015far.<\/option><option value=\"\u00c7evreye-zarar-verir.\"  data-calculation=\"0\">\u00c7evreye zarar verir.<\/option><option value=\"Faturalar\u0131n\u0131n-miktar\u0131-d\u00fc\u015f\u00fck-olur.\" selected=\"selected\" data-calculation=\"0\">Faturalar\u0131n\u0131n miktar\u0131 d\u00fc\u015f\u00fck olur.<\/option><\/select><\/div><\/div><\/div><div class=\"forminator-row\"><div id=\"select-3\" class=\"forminator-field-select forminator-col forminator-col-12 \"><div class=\"forminator-field\"><label for=\"forminator-form-170__field--select-3_69d2502b9665e\" id=\"forminator-form-170__field--select-3_69d2502b9665e-label\" class=\"forminator-label\">A\u015fa\u011f\u0131daki davran\u0131\u015flardan hangisi bilin\u00e7li t\u00fcketicinin yapt\u0131\u011f\u0131 bir davran\u0131\u015ft\u0131r?<\/label><select  id=\"forminator-form-170__field--select-3_69d2502b9665e\" class=\"forminator-select--field forminator-select2 forminator-select2-multiple\" data-required=\"\" name=\"select-3\" data-default-value=\"one\" data-placeholder=\"\" data-search=\"false\" data-search-placeholder=\"\" data-checkbox=\"false\" data-allow-clear=\"false\" aria-labelledby=\"forminator-form-170__field--select-3_69d2502b9665e-label\"><option value=\"one\" selected=\"selected\" data-calculation=\"0\">Gereksiz yanan \u0131\u015f\u0131klar\u0131 kapatmak.<\/option><option value=\"two\"  data-calculation=\"0\">Kitap okurken televizyonu a\u00e7mak.<\/option><option value=\"Di\u015f-f\u0131r\u00e7alarken-muslu\u011fu-a\u00e7\u0131k-b\u0131rakmak.\"  data-calculation=\"0\">Di\u015f f\u0131r\u00e7alarken muslu\u011fu a\u00e7\u0131k b\u0131rakmak.<\/option><option value=\"Taba\u011f\u0131nda-yemek-b\u0131rakmak.\"  data-calculation=\"0\">Taba\u011f\u0131nda yemek b\u0131rakmak.<\/option><\/select><\/div><\/div><\/div><div class=\"forminator-row\"><div id=\"select-4\" class=\"forminator-field-select forminator-col forminator-col-12 \"><div class=\"forminator-field\"><label for=\"forminator-form-170__field--select-4_69d2502b9665e\" id=\"forminator-form-170__field--select-4_69d2502b9665e-label\" class=\"forminator-label\">A\u015fa\u011f\u0131dakilerden hangisini yapan birisi i\u00e7in tasarruflu denebilir?<\/label><select  id=\"forminator-form-170__field--select-4_69d2502b9665e\" class=\"forminator-select--field forminator-select2 forminator-select2-multiple\" data-required=\"\" name=\"select-4\" data-default-value=\"one\" data-placeholder=\"\" data-search=\"false\" data-search-placeholder=\"\" data-checkbox=\"false\" data-allow-clear=\"false\" aria-labelledby=\"forminator-form-170__field--select-4_69d2502b9665e-label\"><option value=\"one\" selected=\"selected\" data-calculation=\"0\">Kullanmad\u0131\u011f\u0131 elektrikli cihazlar\u0131 kapatan<\/option><option value=\"two\"  data-calculation=\"0\">Bula\u015f\u0131klar\u0131 elde y\u0131kayan<\/option><option value=\"Yak\u0131n-mesafelere-arac\u0131yla-giden\"  data-calculation=\"0\">Yak\u0131n mesafelere arac\u0131yla giden<\/option><option value=\"G\u00fcnd\u00fcz-lambalar\u0131-yakan\"  data-calculation=\"0\">G\u00fcnd\u00fcz lambalar\u0131 yakan<\/option><\/select><\/div><\/div><\/div><div class=\"forminator-row\"><div id=\"select-5\" class=\"forminator-field-select forminator-col forminator-col-12 \"><div class=\"forminator-field\"><label for=\"forminator-form-170__field--select-5_69d2502b9665e\" id=\"forminator-form-170__field--select-5_69d2502b9665e-label\" class=\"forminator-label\">A\u015fa\u011f\u0131dakilerden hangisi \u00e7evresine sadece \u0131\u015f\u0131k verir?<\/label><select  id=\"forminator-form-170__field--select-5_69d2502b9665e\" class=\"forminator-select--field forminator-select2 forminator-select2-multiple\" data-required=\"\" name=\"select-5\" data-default-value=\"El-feneri\" data-placeholder=\"\" data-search=\"false\" data-search-placeholder=\"\" data-checkbox=\"false\" data-allow-clear=\"false\" aria-labelledby=\"forminator-form-170__field--select-5_69d2502b9665e-label\"><option value=\"one\"  data-calculation=\"0\">Mum<\/option><option value=\"two\"  data-calculation=\"0\">G\u00fcne\u015f<\/option><option value=\"El-feneri\" selected=\"selected\" data-calculation=\"0\">El feneri<\/option><option value=\"Amp\u00fcl\"  data-calculation=\"0\">Ampul<\/option><\/select><\/div><\/div><\/div><input type=\"hidden\" name=\"referer_url\" value=\"\" \/><div class=\"forminator-row forminator-row-last\"><div class=\"forminator-col\"><div class=\"forminator-field\"><button class=\"forminator-button forminator-button-submit\">Send Message<\/button><\/div><\/div><\/div><input type=\"hidden\" id=\"forminator_nonce\" name=\"forminator_nonce\" value=\"d72bb980ac\" \/><input type=\"hidden\" name=\"_wp_http_referer\" value=\"\/damla2\/wp-json\/wp\/v2\/pages\/171\" \/><input type=\"hidden\" name=\"form_id\" value=\"170\"><input type=\"hidden\" name=\"page_id\" value=\"171\"><input type=\"hidden\" name=\"form_type\" value=\"default\"><input type=\"hidden\" name=\"current_url\" value=\"https:\/\/icaseonline.net\/damla2\/quiz\/\"><input type=\"hidden\" name=\"render_id\" value=\"0\"><input type=\"hidden\" name=\"action\" value=\"forminator_submit_form_custom-forms\"><\/form><\/div>\n","protected":false},"excerpt":{"rendered":"","protected":false},"author":1,"featured_media":0,"parent":0,"menu_order":0,"comment_status":"closed","ping_status":"closed","template":"","meta":{"om_disable_all_campaigns":false,"_monsterinsights_skip_tracking":false,"_monsterinsights_sitenote_active":false,"_monsterinsights_sitenote_note":"","_monsterinsights_sitenote_category":0,"footnotes":""},"class_list":["post-171","page","type-page","status-publish","hentry"],"yoast_head":"<!-- This site is optimized with the Yoast SEO plugin v27.2 - https:\/\/yoast.com\/product\/yoast-seo-wordpress\/ -->\n<title>quiz - Damla G\u00d6L<\/title>\n<meta name=\"robots\" content=\"index, follow, max-snippet:-1, max-image-preview:large, max-video-preview:-1\" \/>\n<link rel=\"canonical\" href=\"https:\/\/icaseonline.net\/damla2\/quiz\/\" \/>\n<meta property=\"og:locale\" content=\"en_US\" \/>\n<meta property=\"og:type\" content=\"article\" \/>\n<meta property=\"og:title\" content=\"quiz - Damla G\u00d6L\" \/>\n<meta property=\"og:url\" content=\"https:\/\/icaseonline.net\/damla2\/quiz\/\" \/>\n<meta property=\"og:site_name\" content=\"Damla G\u00d6L\" \/>\n<meta property=\"article:modified_time\" content=\"2022-10-17T11:27:55+00:00\" \/>\n<meta name=\"twitter:card\" content=\"summary_large_image\" \/>\n<meta name=\"twitter:label1\" content=\"Est. reading time\" \/>\n\t<meta name=\"twitter:data1\" content=\"1 minute\" \/>\n<script type=\"application\/ld+json\" class=\"yoast-schema-graph\">{\"@context\":\"https:\/\/schema.org\",\"@graph\":[{\"@type\":\"WebPage\",\"@id\":\"https:\/\/icaseonline.net\/damla2\/quiz\/\",\"url\":\"https:\/\/icaseonline.net\/damla2\/quiz\/\",\"name\":\"quiz - Damla G\u00d6L\",\"isPartOf\":{\"@id\":\"https:\/\/icaseonline.net\/damla2\/#website\"},\"datePublished\":\"2022-10-17T11:27:54+00:00\",\"dateModified\":\"2022-10-17T11:27:55+00:00\",\"breadcrumb\":{\"@id\":\"https:\/\/icaseonline.net\/damla2\/quiz\/#breadcrumb\"},\"inLanguage\":\"en-US\",\"potentialAction\":[{\"@type\":\"ReadAction\",\"target\":[\"https:\/\/icaseonline.net\/damla2\/quiz\/\"]}]},{\"@type\":\"BreadcrumbList\",\"@id\":\"https:\/\/icaseonline.net\/damla2\/quiz\/#breadcrumb\",\"itemListElement\":[{\"@type\":\"ListItem\",\"position\":1,\"name\":\"Home\",\"item\":\"https:\/\/icaseonline.net\/damla2\/\"},{\"@type\":\"ListItem\",\"position\":2,\"name\":\"quiz\"}]},{\"@type\":\"WebSite\",\"@id\":\"https:\/\/icaseonline.net\/damla2\/#website\",\"url\":\"https:\/\/icaseonline.net\/damla2\/\",\"name\":\"Damla G\u00d6L\",\"description\":\"BIT Dersi\",\"potentialAction\":[{\"@type\":\"SearchAction\",\"target\":{\"@type\":\"EntryPoint\",\"urlTemplate\":\"https:\/\/icaseonline.net\/damla2\/?s={search_term_string}\"},\"query-input\":{\"@type\":\"PropertyValueSpecification\",\"valueRequired\":true,\"valueName\":\"search_term_string\"}}],\"inLanguage\":\"en-US\"}]}<\/script>\n<!-- \/ Yoast SEO plugin. -->","yoast_head_json":{"title":"quiz - Damla G\u00d6L","robots":{"index":"index","follow":"follow","max-snippet":"max-snippet:-1","max-image-preview":"max-image-preview:large","max-video-preview":"max-video-preview:-1"},"canonical":"https:\/\/icaseonline.net\/damla2\/quiz\/","og_locale":"en_US","og_type":"article","og_title":"quiz - Damla G\u00d6L","og_url":"https:\/\/icaseonline.net\/damla2\/quiz\/","og_site_name":"Damla G\u00d6L","article_modified_time":"2022-10-17T11:27:55+00:00","twitter_card":"summary_large_image","twitter_misc":{"Est. reading time":"1 minute"},"schema":{"@context":"https:\/\/schema.org","@graph":[{"@type":"WebPage","@id":"https:\/\/icaseonline.net\/damla2\/quiz\/","url":"https:\/\/icaseonline.net\/damla2\/quiz\/","name":"quiz - Damla G\u00d6L","isPartOf":{"@id":"https:\/\/icaseonline.net\/damla2\/#website"},"datePublished":"2022-10-17T11:27:54+00:00","dateModified":"2022-10-17T11:27:55+00:00","breadcrumb":{"@id":"https:\/\/icaseonline.net\/damla2\/quiz\/#breadcrumb"},"inLanguage":"en-US","potentialAction":[{"@type":"ReadAction","target":["https:\/\/icaseonline.net\/damla2\/quiz\/"]}]},{"@type":"BreadcrumbList","@id":"https:\/\/icaseonline.net\/damla2\/quiz\/#breadcrumb","itemListElement":[{"@type":"ListItem","position":1,"name":"Home","item":"https:\/\/icaseonline.net\/damla2\/"},{"@type":"ListItem","position":2,"name":"quiz"}]},{"@type":"WebSite","@id":"https:\/\/icaseonline.net\/damla2\/#website","url":"https:\/\/icaseonline.net\/damla2\/","name":"Damla G\u00d6L","description":"BIT Dersi","potentialAction":[{"@type":"SearchAction","target":{"@type":"EntryPoint","urlTemplate":"https:\/\/icaseonline.net\/damla2\/?s={search_term_string}"},"query-input":{"@type":"PropertyValueSpecification","valueRequired":true,"valueName":"search_term_string"}}],"inLanguage":"en-US"}]}},"jetpack_sharing_enabled":true,"_links":{"self":[{"href":"https:\/\/icaseonline.net\/damla2\/wp-json\/wp\/v2\/pages\/171","targetHints":{"allow":["GET"]}}],"collection":[{"href":"https:\/\/icaseonline.net\/damla2\/wp-json\/wp\/v2\/pages"}],"about":[{"href":"https:\/\/icaseonline.net\/damla2\/wp-json\/wp\/v2\/types\/page"}],"author":[{"embeddable":true,"href":"https:\/\/icaseonline.net\/damla2\/wp-json\/wp\/v2\/users\/1"}],"replies":[{"embeddable":true,"href":"https:\/\/icaseonline.net\/damla2\/wp-json\/wp\/v2\/comments?post=171"}],"version-history":[{"count":1,"href":"https:\/\/icaseonline.net\/damla2\/wp-json\/wp\/v2\/pages\/171\/revisions"}],"predecessor-version":[{"id":172,"href":"https:\/\/icaseonline.net\/damla2\/wp-json\/wp\/v2\/pages\/171\/revisions\/172"}],"wp:attachment":[{"href":"https:\/\/icaseonline.net\/damla2\/wp-json\/wp\/v2\/media?parent=171"}],"curies":[{"name":"wp","href":"https:\/\/api.w.org\/{rel}","templated":true}]}}